76?
313
Calculate the highest common divisor of 52686611 and 1961.
53
Calculate the highest common factor of 1586 and 6457948.
122
What is the highest common factor of 10169343 and 32331?
2487
What is the greatest common divisor of 22504 and 13844136?
232
What is the highest common divisor of 4334 and 28534?
22
Calculate the highest common divisor of 7806144 and 1199.
109
What is the greatest common divisor of 71190 and 673281?
63
Calculate the highest common divisor of 18504 and 6679173.
771
What is the greatest common divisor of 25123509 and 36?
9
Calculate the greatest common divisor of 597 and 1139011723.
199
Calculate the highest common factor of 128 and 365696.
128
Calculate the greatest common divisor of 4 and 13878108.
4
What is the greatest common factor of 24 and 7788804?
12
Calculate the highest common divisor of 194541 and 59926.
19
Calculate the greatest common factor of 493704 and 396.
36
What is the greatest common divisor of 282 and 1041802?
94
Calculate the highest common divisor of 234043671 and 277.
277
Calculate the greatest common divisor of 33291 and 12321.
9
Calculate the highest common factor of 252 and 47253430.
14
What is the highest common divisor of 1692 and 54023868?
1692
Calculate the greatest common divisor of 104268246 and 92.
46
Calculate the highest common factor of 18 and 254887758.
18
Calculate the highest common divisor of 1547 and 959259.
119
What is the highest common divisor of 10025 and 34625?
25
Calculate the greatest common divisor of 246472467 and 107.
107
What is the highest common factor of 34677698 and 418?
418
Calculate the greatest common factor of 2631 and 18278434.
877
Calculate the highest common divisor of 419072 and 104128.
64
Calculate the highest common divisor of 44843592 and 264.
24
What is the highest common factor of 95292795 and 1794?
897
What is the highest common factor of 122808 and 478848?
1032
Calculate the greatest common factor of 6642 and 5099598.
162
What is the greatest common factor of 696 and 19024116?
348
What is the highest common divisor of 777 and 115386387?
111
What is the greatest common factor of 1377 and 3931470?
27
Calculate the greatest common factor of 318198 and 223266.
1758
What is the greatest common factor of 1140 and 1257440?
20
What is the greatest common factor of 594140 and 636996?
1948
What is the highest common factor of 95309 and 102794?
499
What is the highest common factor of 462943 and 956?
239
Calculate the highest common divisor of 530 and 223554.
106
What is the greatest common divisor of 3809 and 379435?
293
Calculate the highest common divisor of 555 and 187207235.
185
What is the highest common factor of 582283 and 3211?
13
Calculate the highest common factor of 1280046 and 648.
6
Calculate the greatest common factor of 33609 and 266895.
1977
Calculate the greatest common divisor of 132233605 and 931.
49
Calculate the greatest common divisor of 5054810 and 10.
10
What is the highest common divisor of 5755 and 2066215?
5
Calculate the highest common divisor of 220088 and 163724.
2684
What is the highest common divisor of 24743691 and 35?
7
What is the highest common factor of 28445520 and 10440?
3480
What is the highest common divisor of 11096 and 1109448?
152
Calculate the greatest common factor of 530288 and 120571352.
11528
Calculate the greatest common factor of 119416 and 9614.
506
Calculate the highest common divisor of 8103 and 32079.
111
Calculate the highest common factor of 5340 and 3550210.
890
What is the highest common factor of 167913 and 175514?
691
Calculate the highest common divisor of 6417044 and 54014.
226
Calculate the greatest common factor of 36 and 873400986.
18
Calculate the highest common divisor of 8149772 and 34428.
604
What is the highest common factor of 340 and 8557205?
85
Calculate the greatest common divisor of 4242104 and 2455712.
4616
Calculate the highest common divisor of 10050817 and 35.
7
What is the greatest common factor of 445940050 and 1831?
1831
What is the greatest common factor of 13397258 and 126157?
3077
Calculate the highest common factor of 7648400 and 44.
4
Calculate the greatest common factor of 3545 and 5892499.
709
What is the greatest common divisor of 60762092 and 2532?
844
What is the greatest common divisor of 144 and 69010932?
12
Calculate the highest common factor of 38127784 and 40.
8
What is the greatest common divisor of 1376 and 48043771?
43
Calculate the highest common divisor of 99034 and 174042.
586
Calculate the highest common divisor of 10235610 and 12870.
990
Calculate the greatest common divisor of 2478092 and 3892.
556
What is the highest common factor of 4659743 and 407?
407
What is the highest common divisor of 60 and 5133504?
12
Calculate the highest common divisor of 792330 and 5159.
77
What is the highest common factor of 1069754982 and 1884?
942
What is the greatest common factor of 951 and 250299713?
317
Calculate the highest common factor of 1460 and 8548380.
20
Calculate the highest common divisor of 27909208 and 2318.
122
Calculate the highest common divisor of 3180254 and 243180.
2702
Calculate the greatest common divisor of 12338 and 4412626.
398
Calculate the greatest common factor of 3314388 and 5049.
561
What is the greatest common factor of 16168 and 7561919112?
16168
Calculate the highest common factor of 4786800 and 7080.
120
What is the greatest common divisor of 664 and 385746982?
166
What is the greatest common factor of 350112 and 196?
28
What is the greatest common factor of 37989 and 32629?
67
Calculate the highest common factor of 7293 and 5965368.
51
What is the highest common divisor of 149923826 and 182?
26
Calculate the highest common divisor of 408700 and 51850.
3050
Calculate the greatest common divisor of 26483 and 167063.
71
Calculate the highest common factor of 2854 and 94.
2
Calculate the greatest common divisor of 326482232 and 58.
58
What is the highest common factor of 2332382 and 2408900?
2834
Calculate the greatest common factor of 1798 and 8304838.
62
Calculate the greatest common factor of 36 and 35588604.
12
Calculate the greatest common divisor of 556 and 55493804.
556
What is the highest common divisor of 498 and 68492928?
498
Calculate the greatest common factor of 6 and 38243658.
6
What is the greatest common divisor of 1425 and 13367127?
57
What is the highest common factor of 11 and 3159607?
11
What is the greatest common divisor of 1594 and 380799427?
797
Calculate the highest common factor of 7412 and 272884.
68
Calculate the highest common divisor of 605 and 3350545.
55
What is the greatest common factor of 51087 and 687?
3
What is the highest common factor of 2917518 and 803?
73
What is the greatest common divisor of 3232 and 15314428?
404
Calculate the greatest common factor of 619123 and 9349541.
7837
Calculate the greatest common factor of 108825 and 8880.
15
What is the greatest common divisor of 28080 and 473013?
27
What is the highest common divisor of 7014057 and 28083?
69
What is the highest common divisor of 713 and 12908773?
23
Calculate the greatest common factor of 29428829 and 623.
89
What is the greatest common factor of 123 and 340324436?
41
What is the highest common divisor of 881606 and 1936?
242
Calculate the greatest common divisor of 24965772 and 912.
228
Calculate the greatest common factor of 124852 and 63700.
2548
What is the highest common factor of 31992 and 78088?
344
Calculate the highest common divisor of 5428259 and 1149.
383
Calculate the greatest common divisor of 3288990 and 240.
30
What is the highest common divisor of 2706918 and 1316?
94
Calculate the highest common factor of 799 and 20385023.
17
Calculate the highest common divisor of 36200886 and 7164.
1194
What is the greatest common factor of 255871 and 30184?
77
Calculate the highest common divisor of 1248 and 11215698.
78
Calculate the highest common factor of 13 and 1026315589.
13
What is the greatest common factor of 444341954 and 814?
74
Calculate the greatest common factor of 223461 and 59031.
63
Calculate the greatest common divisor of 4150000 and 440.
40
Calculate the greatest common factor of 4289220 and 1690.
1690
Calculate the greatest common divisor of 192 and 12783664.
16
Calculate the highest common factor of 4